 20 = 3*t. Suppose t*a + 5 = 4*q, -3 = 3*q - 2*a - 12. What is the units digit of q?
5
Let r(m) = 13*m + 5. Let n(f) = -6*f - 3. Let j(d) = -9*n(d) - 4*r(d). Let x be j(-5). What is the units digit of x + -12*4/(-6)?
5
Suppose -3*c = -6*c + 6. Suppose -4*l + 16 = 0, -c*u + 3*l + 21 - 7 = 0. What is the units digit of u?
3
Let b(w) = w**2 - 9*w + 11. Let s(k) = -2*k + 2. Let u be s(-2). Suppose 2*v - u*v + 36 = 0. What is the tens digit of b(v)?
1
Let z = 123 - 63. What is the units digit of z?
0
Suppose f = -f - 32. Let z(d) = -5*d**2 + 2*d + 2. Let v be z(-2). Let x = f - v. What is the units digit of x?
6
Let s(k) = 12*k - 40. What is the tens digit of s(8)?
5
Suppose -2*p = 2*p - 2*j - 418, 485 = 5*p + 5*j. What is the hundreds digit of p?
1
Suppose -7 = -2*z - 27. What is the tens digit of (16 - 11)*(-48)/z?
2
Let n be 0 + 1 - (0 + 1). Suppose n = -5*b + 10, 0*s - 4*s - 2*b + 124 = 0. What is the units digit of (-2)/((-2)/(s/3))?
0
Suppose -6*p + p = -5. What is the units digit of (-3 - -7)*4 + p?
7
Let v be ((-2)/3)/(2/12). Let i be (-1 + 2)/(v/(-156)). Suppose 3*k = 6*k - i. What is the units digit of k?
3
Let u = -6 + 42. What is the units digit of u?
6
Suppose -d + 0*d + 55 = 0. What is the units digit of d?
5
Let w = -6 - -18. Suppose -5*q + w = 3*o - 5, 0 = q + 2*o - 2. What is the units digit of q/6*-3 - -10?
8
What is the units digit of (-271)/(-4) + 1*(-5)/(-20)?
8
Let d = -38 + 50. What is the units digit of d?
2
What is the units digit of ((-159)/6)/(1/(-2))?
3
Let t(w) = -w**2 + 3*w + 2. Let g be t(2). Suppose g*a - 2*a = 30. What is the units digit of a?
5
Suppose 0 = 4*o - 287 - 89. What is the units digit of o?
4
Let u = -1 + 4. Suppose u*o = -30 + 84. What is the units digit of o?
8
Suppose -4*k + 5 = 5*l - 3*k, -5*k = -2*l + 2. Let y(v) = -3*v**2 - v + 1 + 8*v**2 + 2*v**2. What is the units digit of y(l)?
7
Let u(j) = j**2 + j. Let o(p) = 3*p**2 + 6*p + 2. Let n(q) = -o(q) + 4*u(q). Let a be n(4). Suppose a = -k + 4*k. What is the units digit of k?
2
Suppose -2*f = -0*f. Suppose 2*l + 19 = 3*u - f*l, 3*l = -3*u + 39. Suppose u*v = 4*v + 25. What is the units digit of v?
5
Let v(w) = w**3 - w**2 - w + 5. Let g be (-6)/(-14) + (-15)/35. Let y be v(g). Suppose y*p - 27 = 3. What is the units digit of p?
6
Let t = 3 - 5. What is the units digit of (t - 1*-10) + 1?
9
Let s(o) = o**2 - 6*o + 5. Let t be s(7). Suppose 0 = z, -z - t = -4*b + b. What is the units digit of (b + -3)*(-8)/(-2)?
4
Suppose 19*m = 22*m - 297. What is the units digit of m?
9
Let y(i) = -i**3 - 6*i**2 + 6*i - 6. Let f be y(-7). What is the units digit of 4/(f/4*2)?
8
Let x(o) = o + 11. Let h be x(-5). What is the units digit of 0/(h/(-3)) - -11?
1
Let t = -21 + 24. What is the units digit of t?
3
Let p = 40 - 28. What is the units digit of p?
2
Suppose -5*t + 144 = s + 15, -s = -2*t + 53. What is the units digit of t?
6
Let l(d) = -d**3 + 20*d**2 - 3*d + 19. What is the units digit of l(19)?
3
Suppose 5*w - 18 = -5*b + 837, -4*b + 680 = 2*w. What is the units digit of b?
9
Let n be (2 + 7)/(-3)*1. Let x(j) = -9*j + 6. What is the units digit of x(n)?
3
Let r(s) be the third derivative of -s**6/120 + s**5/20 - s**4/24 - s**3/3 - 3*s**2. Let u be r(2). What is the units digit of (u + 10)*(-2)/(-5)?
4
Suppose -5*h = -5*l - 35, 5*h - 5*l = 4*h - 13. What is the units digit of h/(-10)*(2 - 17)?
8
Suppose 4*a + 0*a - 16 = 0. Suppose 5*s + a*g = 3*g - 1, -4*g + 13 = 3*s. What is the units digit of (s - -5) + -1 + 2?
5
Let j(l) = -2*l - 12. Let z be j(-8). Suppose -14 = -z*x + 70. What is the units digit of x?
1
Let n = 13 + -10. Let w = 1 + n. What is the units digit of w?
4
What is the tens digit of ((-3)/(-15) - 1)/(5/(-400))?
6
Suppose -5*w = -p + 12, -p + 4 + 4 = -3*w. Let b be 0/p - (-2 + 2). Suppose -64 = -4*m + 4*c, -4*m + 2*c + 92 - 32 = b. What is the units digit of m?
4
Suppose -2*z - 30 = i, 18 + 22 = -2*z + 4*i. What is the units digit of (z + 1)*(-4)/6?
0
Let h(x) = x + 8. Let y be h(-6). What is the units digit of 12/8 - (-1)/y?
2
Let s(n) = n. Let f(i) = 0*i + 0*i - i + 2*i**2. Let p be f(1). What is the units digit of s(p)?
1
Suppose a + 213 = 4*u - 2*u, 117 = u - 4*a. What is the tens digit of u?
0
Let f(v) = v**2 - v - 1. Let x be f(-1). Suppose -4*h = -4*z + 4, 4*h + 3*z - 3 = -0*z. Let w = x + h. What is the units digit of w?
1
Suppose 5*g = g + 12. What is the units digit of ((-18)/21)/(g/(-21))?
6
Let x(h) = -h**3 - h**2 - h - 5. Let r be x(0). Let v = r - -6. What is the units digit of 1/(-2*v/(-26))?
3
Let z(w) = -w**3 + 9*w**2 + 10*w + 10. Let p be z(10). Suppose p = k + k. What is the units digit of k?
5
Let m be -4*6/(-4) + -1. Suppose 5 = m*t - 60. Let o = t + -6. What is the units digit of o?
7
What is the tens digit of 172*((-44)/(-8) + -3 + -2)?
8
Suppose -2*g + 11*g = 81. What is the units digit of g?
9
Suppose 6*y - 841 = 173. What is the tens digit of y?
6
Let b = -26 + 37. Let q = b - 0. What is the tens digit of q?
1
Let r(o) = 25*o + 25*o - 9 - 52*o. Suppose 2*y + 26 - 10 = 0. What is the units digit of r(y)?
7
Suppose -4*b = 5*m - 374, 0 = -m + 2*b + 3*b + 69. Let g = -40 + m. Suppose -q + g = q. What is the tens digit of q?
1
Suppose -l = -2*b - 3 - 4, 4*l + 2*b + 22 = 0. What is the tens digit of (-2)/3 - 32/l?
1
Let o be ((-4)/5)/(10/125). What is the tens digit of o/(-15) - 28/(-3)?
1
Suppose -3 = -2*f + 3. Let y(k) = 2*k**3 - 3*k - 2*k**2 + 0*k**f - 3*k**3 - 1. What is the units digit of y(-3)?
7
Suppose -13 = -4*j + 7. Let r(v) = v - 1. Let i(u) = -u + 3. Let x(m) = i(m) + 2*r(m). What is the units digit of x(j)?
6
Let q be ((-10)/(-4))/(-5)*24. Let h = q - -19. Suppose 20 = 5*v + x + 3*x, -h = v + 3*x. What is the units digit of v?
8
Let k(o) = -o**3 - 7*o**2 - 8*o - 8. Suppose 0 = -3*h - 0 - 18. What is the units digit of k(h)?
4
Let p(z) = -z**3 + 4*z**2 - 2*z - 1. Let u be (-5)/(-2) + (-2)/(-4). Let o be p(u). Suppose 4*b - 30 = -5*x - b, x - 18 = o*b. What is the tens digit of x?
1
Let r = -244 - -407. What is the units digit of r?
3
Let s = 415 - 236. What is the tens digit of s?
7
Let m be -1*(-9)/(-12)*4. Let s = m - -14. What is the tens digit of s?
1
Let k = 20 - 9. Let v = 4 + -4. Suppose -w = -v*w - k. What is the tens digit of w?
1
Suppose -3*u = 4*p - 15, 5*u - 18 = 2*u - 5*p. Let h(c) = -1. Let g(w) = -w - 10. Let j(o) = u*h(o) - g(o). What is the units digit of j(-7)?
2
Let h = 20 - 8. Suppose h = 2*b - 10. What is the tens digit of b?
1
Let t(x) = -x**3 + 2*x**2 + x + 2. Let w be t(3). Let b(g) = -g**3 - 4*g**2 + 2. Let l be b(w). Suppose l*k = -0*k + 32. What is the units digit of k?
6
Let r(y) = 2*y**3 - y**2 + y - 8. What is the tens digit of r(3)?
4
Let n(r) = 2*r - 3. Suppose -3*a - 10 - 1 = -2*k, -5*a = -k + 9. Let t be n(k). Suppose -3*z = -o - 44, -2*z + 40 = 3*z + t*o. What is the tens digit of z?
1
Let k(v) = -2*v + 12. Let s be k(7). Let m = s + 40. What is the units digit of m?
8
Let l be 2 - ((-2)/1 - -67). Let y be (-266)/l - 4/18. Suppose -y*c + 5*c - 14 = 0. What is the tens digit of c?
1
Let x(n) = 6*n. Let z be x(6). Suppose -2*c = -y + z, -y + c + 83 = 2*y. What is the tens digit of y?
2
Let a(d) = 13*d**2 - 3*d - 1. Let w be a(3). Suppose 4*r = 7 - w. Let s = -17 - r. What is the units digit of s?
8
Let d = 170 + -117. What is the units digit of d?
3
Let o(k) = 3*k**3 - 5*k**2 - 2*k + 7. What is the hundreds digit of o(4)?
1
Let w = -6 + 13. Let z = 65 + -64. What is the units digit of (0 + z)*w*1?
7
Let b(q) = q**3 - 7*q**2 + 7*q - 6. Suppose -4*x + 35 = x. What is the tens digit of b(x)?
4
Let i(w) = -w**2 + 2. Let r be i(0). Suppose 4*b + 4*m = 16, 2*b + 2*b - 16 = r*m. What is the units digit of b?
4
Let a(t) = t**2 + t - 5. Suppose 0 = 2*f + 10 - 2. What is the units digit of a(f)?
7
Let y = -33 - -46. Let c = y + -11. What is the units digit of c?
2
What is the units digit of 2/2*(4 - (-2 - 63))?
9
Let a(u) = u**2 - 10*u + 8. Let o be a(9). Let n = o + 10. What is the units digit of n?
9
Let q be -1*8/12*-6. Suppose -f + q*n - 9 = 0, 42 = 4*f + n + 10. What is the units digit of f?
7
What is the units digit of 8/(-2 - 2) - -63?
1
Let w(g) = -25*g - 4. Let c be w(-3). Let u = c - 51. What is the tens digit of u?
2
Suppose 8*o = 5*o - 6. Let y be 24 - (o + 3 + -3). Suppose 2